)
-12
What is the value of -29 + 37 + -53 + 58 + -29?
-16
Calculate (28 - 23) + -36 - (11 + -109).
67
(-15 - -21) + -38 + -10 + 3
-39
Evaluate -32 - -1 - -62 - 28.
3
Calculate (-12 - (23 - 29)) + (7 + 0 - -2) - -67.
70
Evaluate 258 + -232 + -56 + 27 + 1 + (8 - 0).
6
-98 - -98 - (0 - 2) - (10 + 6)
-14
What is the value of -4 - (-4 + (15 - (14 - -6) - 3))?
8
What is 43 + -18 - 11 - 0?
14
Evaluate (19 - (13 + -7)) + (-13 + 23 - -55).
78
Calculate 2 - ((86 - 84) + -43).
43
Calculate -10 + (10 - -81) - (-32 + (16 - -8)).
89
Calculate (-236 - 429 - -684) + (1 + -1 + 13 - 1).
31
Evaluate -74 + 29 + -5 - -18.
-32
Calculate -7 - (-13 + 3 + -13 + (-120 - (-26 - -19))).
129
Evaluate (58 - 7) + (52 - 129).
-26
What is -86 + 88 - (2 + 0 + (-1 - 26))?
27
What is (-3 + 18 - (-5 + (-8 - (-10 + -11)))) + -98?
-91
What is the value of 43 + -57 + (-9 - -67)?
44
Calculate -15 + -4 + 1 + (3 - -2) + (0 - -4).
-9
25 + (1 - -28) - (7 - 3 - 5)
55
What is the value of 79 + (80 - 199) - 82?
-122
What is the value of (-5 + 46 - -30) + -11 + 0?
60
Calculate -369 - -353 - (14 - 1).
-29
What is (-142 - -130) + -128 - -229?
89
Evaluate (1 - -25) + -69 - (-6 + 0 - -13 - 16).
-34
Evaluate (4 - (12 + 7)) + -46 + 37.
-24
What is -155 - -147 - ((1 - 10 - 3) + -110)?
114
What is (-2 - (111 + 4)) + 150?
33
Calculate 535 + -531 - (-62 + -2 - -5).
63
What is the value of 14 - (47 + -12) - (33 + -7)?
-47
Evaluate -101 + 220 - 17 - 230.
-128
-9 + -20 + 37 + (-7 - 3) - -30
28
Evaluate -10 - (-13 + 4 - (-31 - (1 + -78))).
45
What is 119 + (-2 - 152 - -61)?
26
Calculate 11 + (-81 - 2 - -49).
-23
Calculate 15 - (24 + -40 + 6 + -51).
76
Evaluate 28 + -78 + -34 + 56.
-28
Calculate -97 + 165 + 53 + -13.
108
-32 - ((4 + 9 - 13) + -5 + (0 - 1))
-26
-17 + ((47 - -5) + -19 - 7)
9
Calculate 9 + ((-6 - (2 + -9)) + -37 - 1).
-28
Evaluate 92 + -1 + 22 + (11 + -10 - 17) + -9.
88
What is (14 - (5 + (-11 - -17))) + 5 - 5?
3
Evaluate -2 + (13 - (2 + -52 - (5 + -12))).
54
What is the value of (1590 - 1580) + (1 - 48) + (2 - 0) - 8?
-43
Calculate (-2 - (-2 + 6 + -19)) + 8 + 10.
31
Evaluate 10 + (-23 - -40) + (-5 - 9).
13
1 - (-7 + 3 - (-3 + 9) - (-558 - -557))
10
Calculate -58 + (-4 - (4 - 5)) + (-3 - (-17 - -12)).
-59
(18 - 1) + -16 + (-4 - -9) + 29
35
6 + (0 - -5 - (25 + 37 - 68))
17
Evaluate 55 - -1 - (2 - 22 - (459 - 492)).
43
What is the value of 43 + -37 - (7 + (8 - 2) - 38)?
31
Calculate (-1 + 1 - (-17 + 30 + -20)) + 36.
43
-11 + 3 + (22 - (-3 + -16 - -14)) + 7
26
(19 - (4 - (10 - -55))) + (2 - 11 - 2)
69
(47 + -2 - (5 + -11 - -8)) + (171 - 159)
55
(-6 - 0) + (-162 - -85) + 79
-4
Evaluate (52 - -1) + 45 + (-91 - -69).
76
What is -87 - (-174 - -111) - -57?
33
Calculate -1 - 122 - (-24 + -51 + 55) - -18.
-85
Evaluate -1 - 18 - ((-17 - -97) + -27 + -52).
-20
Evaluate -22 + (-6 - (-7 + 15 + -27)).
-9
-2 + (56 - (9 - -31))
14
What is 17 + 1 + -6 - ((33 - 10) + -23)?
12
Calculate -24 - (116 + -87 + -31).
-22
What is -56 + (-5 - -6 - 9) + -1 + 14 + -7?
-58
What is the value of -12 + 12 + -7 + -25 + 141?
109
Evaluate -22 + (72 - 63 - ((2 - -2) + 1)).
-18
-68 - (6 + -1 + 20 + -11 - 32)
-50
What is -33 - (5 - (-24 + 71))?
9
What is the value of -33 - (45 - (91 - 20))?
-7
Evaluate -2 + 1 - (2 - 8 - (125 + -77 + -14)).
39
What is the value of (1 + 0 + 2 - 0) + (-121 - 105 - -187)?
-36
Calculate -9 + 17 + (5 - -28) + (-5 - -1) + -7.
30
Calculate 20 + (63 - (-37 + 92)).
28
-7 + 47 + 24 + (0 - -5) + -4
65
What is (0 - -20 - (5 + 15)) + -17?
-17
Calculate -27 + -4 + 9 + 4 + 55.
37
Evaluate -33 + (47 - 10) + -14.
-10
Calculate -30 + (-1 - -7) - (97 - 113).
-8
What is the value of 25 + (39 - (25 - 8) - -3)?
50
What is 97 + (8 - 4) + 2 + (3 - (8 + -7))?
105
What is the value of (23 - -2) + (-18 + 61 + -20 - 32)?
16
What is 9 + -12 + -28 + 30 + -6 + 0?
-7
-13 + (-10 - -18) + (5 - 5) - (-26 - 59)
80
What is the value of -32 + (-3 + -5 - -7 - -11) + -23?
-45
Calculate -46 + 1 - (-3206 - -3186).
-25
Evaluate 6 + -78 - 11 - -155.
72
Evaluate -19 + 64 + (32 - 94).
-17
Calculate 10 + -107 + (-164 - -234).
-27
Evaluate (6 - 141) + -2260 + 2386.
-9
Calculate (-1 - (12 + 2)) + 1 + 110 + -231 + 119.
-16
Calculate (43 + -41 - 6) + 18.
14
-35 + -70 + 44 + -62
-123
Calculate 35 - (-1 - ((-32 - -60) + -63)).
1
What is the value of 63 + -65 + (-1 - 4) + 8 + 9 - -10?
20
What is 36 - 31 - 1 - (6 + -4)?
2
(80 - 37) + ((2 - -2) + -5 - 3)
39
What is the value of -2 + -1 - (14 - (-8 + 53))?
28
Evaluate (1 - -1) + (713 + -695 - (-3 + 110)).
-87
What is (25287 - 25261) + 0 + -11?
15
What is the value of (85 - -37) + (-43 - -34 - 6)?
107
What is 17 + (-3 - 13) + 11 + 2 + (-2 - 69)?
-57
What is the value of 1 + -9 - (968 - 982)?
6
Evaluate (4 + -8 + -7 - (-7 - -1)) + (5 - -4).
4
Calculate -3 + 86 - (22 + (-78 - -30)).
109
What is the value of 5 - ((-4 - 10) + (85 - 21) + 12)?
-57
Calculate 60 + (-151 - (-86 - -20)).
-25
Evaluate -86 + (0 - 13 - (-351 - -337)) + -10.
-95
What is (-58 + -61 + 97 - -73) + (1 - -9)?
61
What is -4 + (-10 + 18 - (1 + -47)) + 10 + 1?
61
Evaluate 30 + (3 + 11 - 22) + 22.
44
Calculate -2 - -59 - (4023 - 3892).
-74
(121 - -111 - 48) + -99
85
Evaluate 1 + 0 + -35 + 2 + 7008 + -7021.
-45
(1 - 1) + 1 - 37 - (-31 - (-9 - 23))
-37
What is the value of -9 + -16 + -63 + -24?
-112
-22 - (4 - (9 + (10 - (19 + -6)) - 9))
-29
What is -220 + 211 + 72 + -17?
46
What is (0 + -4 - 5) + -21 + (72 - 21)?
21
-1 + -1 + (4 - -4) + -4 + 12 + 87
101
What is -24 - (-61 + 48 + -50)?
39
What is 59 - 48 - (24 + (4 - (-6 + 6)))?
-17
-15 - -35 - (3 + 20) - (-2 - 7)
6
-89 + 182 + -86 - (64 + (-4 - -8) + -6)
-55
Calculate -85 + (150 - 48) - 73.
-56
Evaluate 1 + (762 - 839 - (3 - 6 - (-1 + -11))).
-85
Calculate 45 + (8 - (95 - 40)).
-2
Calculate -50 + 1 - ((-8 - -16) + 6 + -11 + -7).
-45
What is 38 - ((15 - -3) + -24)?
44
What is the value of (-23 - -39) + 38 + -93?
-39
Calculate -1 + 0 + -14 + (-11 - -15) + 9 + 22.
20
What is 56 + -1 - (-56 - (-82 + (42 - 3)))?
68
Calculate -29 + 200 + -100 - 173.
-102
Calculate -4 - (44 - (11 + 11 + (-10 - 8))).
-44
-6 + -3 + (-24 - 24) + 90
33
Calculate (-4 - -2) + 68 - (-538 - -527) - (0 + 7).
70
Calculate -3 + 1 + -3 + 1 + (-26 - (-19 - -3)).
-14
What is the value of 1 + 4 - (22 + -7 + 1 - 25 - -27)?
-13
Calculate 3 + (-8 - (-8 + -5)) + (1 - (4 + 1)).
4
Calculate (-60 - -173) + 18 + (-3 - 6).
122
What is the value of 0 - -20 - (988 - 1003) - 23?
12
What is -15 + (80 - (-5 - -15))?
55
What is the value of -45 + -24 + 26 + (-12 - 8)?
-63
Evaluate -16 + 3 + 9 + -1 - (37 - (-12 - -5)).
-49
Evaluate -65 - -1 - (-3 + (-10 - 27 - -37)).
-61
What is the value of -75 - (165 + -136 + -140)?
36
-44 - (-40 + -49 + 41)
4
-96 + (16 - -4) + -8 + -104 + 87
-101
What is -69 + 80 + -28 - (-5 + 1) - -80?
67
What is the value of -58 + (-11 + -4 + (-6 - -23) - 17 - -12)?
-61
What is (-4 - 7 - -2) + (2 - 0 - 12)?
-19
Evaluate -2214 + 2192 + -14 + (2 - 4) - (-1 + 0).
-37
Calculate -1 + 158 + (-425 - -412) + (12 - 22).
134
Calculate 25 - (3 - (0 + (32 - 20))).
34
Evaluate 2 + (-14 - (23 + -18)) + -39 + 12 + 0.
-44
What is the value of 13 + (-46 - (-14 + -4)) + 8 - (-1 - -7)?
-13
Calculate 0 + ((21 - (-1 + 14)) + -10 - 1).
-3
What is (-55 - (-19 + -4 + 7)) + -8?
-47
What is the value of 1 + -10 - ((7 - -3) + (-272 - -269))?
-16
-75 + 65 + -29 - 36
-75
What is 13 + (-3 - (-14 + -18)) + -26?
16
Evaluate (-543 + 528 - (1 + 0)) + -16.
-32
Calculate (90 - -51) + -127 + 23 + -2 + 0.
35
Evaluate -4 - (-43 + 27 - (2 - (14 - 3))).
3
Calculate 0 + 52 + (-8 - 0 - (1 - 13) - 10).
46
Evaluate 19 - (-4 - -43) - -54.
34
Calculate (0 - 10) + (-18 - (11 + -87 + 18 - -15)).
15
(-4917 - -4812) + (2 - -27)
-76
Evaluate (-38 + 11 + 4 - 85) + -23 + 8.
-123
Calculate 2 - -53 - (9 + 182 + -184 + -1 + -4).
53
49 - (-1 + -30 + (31 - 2))
51
-12 - -5 - (-105 - -107 - (-1 - -9))
-1
Calculate 55 - ((11 - 9) + 31).
22
Calculate -27 + 21 - (9 - (-8 + 3) - 90).
70
What is (128 - -13) + -77 + (-2 - (-3 + -10))?
75
What is 131 - -26 - 156 - (1 + 0 + (1 - -1))?
-2
Evaluate 25 - (-63 + (50 - 35) - (15 - -9)).
97
Evaluate (15 - (81 + -16)) + -5 + 19.
-36
What is the value of (-208 - (-739 - -511)) + -2 + -131 + 0?
-113
(-200 - -197 - (-5 + 16)) + -41
-55
31 - 0 - (-1470 + 1458)
43
24 - 5 - (-92 - -131) - -16
-4
What is the value of (-10 - (13 + -37 + 13 + -24)) + -6?
1